{"id":597,"date":"2022-03-23T09:59:35","date_gmt":"2022-03-23T08:59:35","guid":{"rendered":"https:\/\/fsinstructor.com\/avotrerythme\/?page_id=597"},"modified":"2022-05-22T19:31:11","modified_gmt":"2022-05-22T17:31:11","slug":"aide-temoignages-et-references","status":"publish","type":"page","link":"https:\/\/fsinstructor.com\/avotrerythme\/?page_id=597","title":{"rendered":"Aide &#8211; T\u00e9moignages et r\u00e9f\u00e9rences"},"content":{"rendered":"\n<p><\/p>\n\n\n\n<figure class=\"wp-block-image size-large\"><img loading=\"lazy\" decoding=\"async\" width=\"686\" height=\"1024\" src=\"https:\/\/fsinstructor.com\/avotrerythme\/wp-content\/uploads\/2022\/05\/Lettre-de-recommandation-1-686x1024.png\" alt=\"\" class=\"wp-image-604\" srcset=\"https:\/\/fsinstructor.com\/avotrerythme\/wp-content\/uploads\/2022\/05\/Lettre-de-recommandation-1-686x1024.png 686w, https:\/\/fsinstructor.com\/avotrerythme\/wp-content\/uploads\/2022\/05\/Lettre-de-recommandation-1-201x300.png 201w, https:\/\/fsinstructor.com\/avotrerythme\/wp-content\/uploads\/2022\/05\/Lettre-de-recommandation-1-768x1146.png 768w, https:\/\/fsinstructor.com\/avotrerythme\/wp-content\/uploads\/2022\/05\/Lettre-de-recommandation-1-1030x1536.png 1030w, https:\/\/fsinstructor.com\/avotrerythme\/wp-content\/uploads\/2022\/05\/Lettre-de-recommandation-1.png 1362w\" sizes=\"(max-width: 686px) 100vw, 686px\" \/><figcaption>Lettre de recommandation<\/figcaption><\/figure>\n","protected":false},"excerpt":{"rendered":"","protected":false},"author":3,"featured_media":0,"parent":0,"menu_order":0,"comment_status":"closed","ping_status":"closed","template":"","meta":{"footnotes":""},"_links":{"self":[{"href":"https:\/\/fsinstructor.com\/avotrerythme\/index.php?rest_route=\/wp\/v2\/pages\/597"}],"collection":[{"href":"https:\/\/fsinstructor.com\/avotrerythme\/index.php?rest_route=\/wp\/v2\/pages"}],"about":[{"href":"https:\/\/fsinstructor.com\/avotrerythme\/index.php?rest_route=\/wp\/v2\/types\/page"}],"author":[{"embeddable":true,"href":"https:\/\/fsinstructor.com\/avotrerythme\/index.php?rest_route=\/wp\/v2\/users\/3"}],"replies":[{"embeddable":true,"href":"https:\/\/fsinstructor.com\/avotrerythme\/index.php?rest_route=%2Fwp%2Fv2%2Fcomments&post=597"}],"version-history":[{"count":3,"href":"https:\/\/fsinstructor.com\/avotrerythme\/index.php?rest_route=\/wp\/v2\/pages\/597\/revisions"}],"predecessor-version":[{"id":606,"href":"https:\/\/fsinstructor.com\/avotrerythme\/index.php?rest_route=\/wp\/v2\/pages\/597\/revisions\/606"}],"wp:attachment":[{"href":"https:\/\/fsinstructor.com\/avotrerythme\/index.php?rest_route=%2Fwp%2Fv2%2Fmedia&parent=597"}],"curies":[{"name":"wp","href":"https:\/\/api.w.org\/{rel}","templated":true}]}}